t l = 29 - 54. Let u = l + 71. What is the remainder when u is divided by 12?
10
Suppose 0 = -3*d + 3, -3*v + 2*v - d + 16 = 0. Calculate the remainder when 29 is divided by v.
14
Suppose 0 = 4*v - v + 6. Let m = v + 42. What is the remainder when m is divided by 14?
12
Suppose u - 17 = 4*h, 14 = 4*u - 2*h + 4*h. Suppose -2*a + 0*a = -o - u, -2*a + 4*o = -20. Let q = 13 - a. What is the remainder when 25 is divided by q?
12
Suppose -2 = 4*h - 14. Calculate the remainder when h is divided by 3.
0
Suppose -c = 3*c - 20. Let k be 0 - 3 - (-10)/2. Suppose -k*o = -5*o + 9. What is the remainder when c is divided by o?
2
What is the remainder when 7 is divided by 3/6*-1*-4?
1
Let l(q) be the second derivative of q**4/12 + q**3/6 + 2*q. Let b be l(-2). Suppose -j + 120 = b*j. Calculate the remainder when j is divided by 14.
12
Suppose 4*a + 60 = 7*a. What is the remainder when 119 is divided by a?
19
Suppose 4*i - 21 - 35 = 0. What is the remainder when (-5)/(15/9) - -43 is divided by i?
12
What is the remainder when 4/(-14) + 16501/203 is divided by 17?
13
Suppose 4*s = -5*r + 13, -s + 16 = 5*r - 6. Let a = s - -13. What is the remainder when 38 is divided by a?
8
Let h = 0 + 1. Let i = 9 - h. What is the remainder when 31 is divided by i?
7
Let o be (-20)/(-9) - (-2)/(-9). Suppose -2*s = -0*s. Suppose s*z = o*z - 2. What is the remainder when 2 is divided by z?
0
Suppose -l = -2*k + 18, 5*k - 2*k + 3*l - 9 = 0. What is the remainder when 26 is divided by k?
5
Suppose -3*k - 2*i + 225 = 0, -5*i - 10 = 5. What is the remainder when k is divided by 20?
17
What is the remainder when 52 is divided by 20 - -5*(-2)/5?
16
Suppose -d = 4*d + 5. Let t(a) = -3*a**2 + 14*a - 5. Let k be t(4). What is the remainder when 16 is divided by (k/6)/(d/(-12))?
4
Suppose 0 = -6*q + q + 20. Suppose -a + 52 = 5*f - 4*a, 18 = 2*f - q*a. Calculate the remainder when f is divided by 4.
3
Suppose 5*t - 6 = 3*t. What is the remainder when 13 is divided by t?
1
Let w = -41 - -43. Calculate the remainder when 7 is divided by w.
1
Suppose -10 - 20 = -2*a. Let c(h) = -2*h + 28. What is the remainder when c(0) is divided by a?
13
Suppose 5*c = 12*c - 7. What is the remainder when 1 is divided by c?
0
Suppose 4*i = -5*l + 51, 0 = -5*i - 0*l + 2*l + 39. Calculate the remainder when 34 is divided by i.
7
What is the remainder when 14 is divided by (7/(-21))/((-1)/24)?
6
Suppose 0*o = 4*o - 20. What is the remainder when 23 is divided by o?
3
Let a(p) = -3*p**3 + p**3 - 5*p**2 + p**3 - 1. Suppose 2*n - z = 20 + 1, n = 4*z. Calculate the remainder when a(-6) is divided by n.
11
Let z be 4 + -2*(-4 - -5). Suppose 2*n - r - z - 29 = 0, -3*r + 9 = 0. Let j(o) = 9*o - 5. What is the remainder when j(6) is divided by n?
15
Let o(i) = i**3 + 13*i**2 - 14*i + 10. Let h be o(-14). Suppose -40 = 5*p - h*p. Let k = 20 - 6. What is the remainder when k is divided by p?
6
Calculate the remainder when 4 is divided by 12/(-8) - 21/(-6).
0
Let z = 80 + -68. Calculate the remainder when 22 is divided by z.
10
Suppose 0 = -4*w + 5*r + 15, 5*r - 3*r + 6 = -2*w. Let c(h) = h**2 + 110. Let q be c(w). Suppose -7*a + q = -2*a. What is the remainder when a is divided by 6?
4
Let k be (-30)/25*20/2. Let g = 19 + k. What is the remainder when g is divided by 2?
1
Let j be 3 + -2 - (-3 + 2). Suppose 5 = 3*b - j*b. What is the remainder when 7 is divided by b?
2
Suppose -60 = -2*y - 2. Let w = 9 - -41. Suppose -5*o + 0*o = -w. What is the remainder when y is divided by o?
9
Let o = 12 + 2. Suppose 2*c + 5*r - o = 40, 3*c - 131 = 5*r. Calculate the remainder when c is divided by 19.
18
Suppose 5*l + 92 = 9*l. Calculate the remainder when l is divided by 6.
5
Calculate the remainder when (-106)/(-10)*(6 + -1) is divided by 18.
17
Suppose 0 = 2*h - 3*c, -4*h - 6*c = -4*c. Suppose j - 6*j + 50 = h. Calculate the remainder when j is divided by 3.
1
Suppose 11*y - 8*y - 81 = 0. What is the remainder when 80 is divided by y?
26
Let r(g) = g**2 - 5*g + 7. Calculate the remainder when 12 is divided by r(5).
5
Let n(m) = -m**2 + 10*m. Let d be n(8). Suppose -h + 34 = -d. What is the remainder when h is divided by 13?
11
Suppose q - 3*q + 60 = 0. Calculate the remainder when q is divided by 11.
8
Let o = 41 + -29. Calculate the remainder when 35 is divided by o.
11
Suppose -2*k + 18 = 2*b, -5*k = -4*b - 7 - 2. Suppose 8 = k*c - 3*c. Let m(r) = -r. What is the remainder when m(-6) is divided by c?
2
Let t be 60/25 - 4/10. Suppose -12 = t*h - 4*h. Calculate the remainder when 15 is divided by h.
3
Let j = 38 + -55. Let i = j + 49. Suppose i = -2*o + 6*o. Calculate the remainder when 15 is divided by o.
7
Let n(f) = -8*f + 110. Let y(r) = 2*r**3 + 2*r**2 - 2*r + 3. What is the remainder when y(2) is divided by n(13)?
5
Suppose -4*x - 2*v + 7*v + 82 = 0, -3*x - v = -52. What is the remainder when 88 is divided by x?
16
Let u be (3 - 1) + 0/2. What is the remainder when 60/8 + (-1)/u is divided by 3?
1
Suppose 0 = -5*z - a + 68, -56 = -2*z - 4*a - 18. Calculate the remainder when 232 is divided by z.
11
Let c(v) = v + 6. Let n be c(-11). Calculate the remainder when (0 + -1)*1 - n is divided by 3.
1
Suppose 3*x = -2*x + 265. Let m = -342 - -370. What is the remainder when x is divided by m?
25
Let r = -140 + 100. Let l = 28 - r. What is the remainder when 16 is divided by l/11 + 10/(-55)?
4
Suppose 0 = -11*w + 6 + 16. Calculate the remainder when 9 is divided by w.
1
Suppose 0 = 2*b - 3*d - 4, 0 = 5*b + 2*d - 43 + 14. Let h(m) = m**2 + 3*m - 1. Calculate the remainder when h(2) is divided by b.
4
Let i = -59 - -106. Calculate the remainder when i is divided by 12.
11
Let j(h) = h**2 + 3*h + 5. Let l be 4/(-6) - (-39)/(-9). What is the remainder when 42 is divided by j(l)?
12
Suppose -5*s + 55 = -5*x, s + 4 = 5. Let o be (x/(-8))/(1/4). Suppose i + o*y + 4 = 3*i, 4*i = 3*y + 22. What is the remainder when 12 is divided by i?
5
Let g(s) = -s**2 - 19*s - 15. Calculate the remainder when g(-16) is divided by 12.
9
Let k = 1 + 0. Suppose -d - 3*c - k + 21 = 0, -5*d - 3*c = -160. Calculate the remainder when d is divided by 12.
11
Let y(v) = v**3 - v**2 + v + 13. What is the remainder when y(0) is divided by 322/84 + (-1)/(-6) - -1?
3
Let l(z) = z**2 - 2*z - 4. Let y be l(4). Suppose -2*w - 16 = -y*w. What is the remainder when (1 - 0)*17 + -2 is divided by w?
7
Let i be (-105)/(-14) - 1/(-2). Let t = 1 + i. What is the remainder when 24 is divided by t?
6
Let l = 89 - 43. Suppose 5*r - 2*x - 277 = -4*x, -5*r - x = -281. Suppose 0 = 2*n - n - 3, 3*q = -3*n + r. What is the remainder when l is divided by q?
14
Let x be (-6 - -6)*(-1)/2. Suppose x = 7*n - 5*n - 4. What is the remainder when 6 is divided by n?
0
Let q = 38 - 29. Calculate the remainder when 44 is divided by q.
8
Let s(o) = o**3 - 9*o**2 - 8*o - 1. Let g be s(10). Suppose 222 = 3*t + 3*z, 0 = -2*t - 5*z + g + 144. What is the remainder when t is divided by 18?
15
What is the remainder when 2/3 - 3080/(-33) is divided by 24?
22
Suppose 2*l = -3*g - 36, l + 4*g + 5 = -3. Calculate the remainder when 33 is divided by (-2)/3 - 424/l.
16
Calculate the remainder when 28 is divided by -9*((-25)/15 + 1).
4
Suppose -558 = -4*v - 70. What is the remainder when v is divided by 25?
22
Suppose 2*z = -95 + 21. Let r = z + 78. Calculate the remainder when r is divided by 14.
13
Suppose 0*x = -4*x + 116. Let h = -20 - -35. What is the remainder when x is divided by h?
14
Let u(y) = -y + 2. Suppose -3*l - 25 = 2*l. Let f = l + 5. What is the remainder when 5 is divided by u(f)?
1
Let z = 42 + -27. What is the remainder when 26 is divided by z?
11
Let w = 10 + 28. Suppose 4*h + 2*r - w = 0, -2*h = -0*h + 5*r - 39. Suppose 0*n = -n + 2. What is the remainder when h is divided by n?
1
Let o(r) = 2*r - 5. Let i be 13/26 + (-13)/(-2). Calculate the remainder when ((-26)/6)/((-1)/6) is divided by o(i).
8
Let w be 9/12 + (-5)/(-4). Let j = 6 - w. Suppose 0 = 4*i + 8, -5*z + 5*i = -0*z - 45. Calculate the remainder when z is divided by j.
3
Let y(r) be the first derivative of -r**4/4 + 5*r**3 - 5*r**2 - 12*r - 4. Calculate the remainder when y(14) is divided by 15.
14
Let x(y) = 2*y**2 - 4*y - 7. Calculate the remainder when x(-3) is divided by 12.
11
Let s(j) = j**3 - j**2 + 3*j + 4. What 